at is the units digit of (4/o)/(1/(-171))?
4
Let l be -168*8/((-128)/136). Let a = l + -984. What is the units digit of a?
4
Let q = 59687 - 41458. What is the tens digit of q?
2
Let j = 11285 + -3986. What is the units digit of j?
9
Let o(p) = -p**2 - 99*p + 6021. What is the thousands digit of o(0)?
6
Let g = 38 - -646. Suppose 7*d - g = 2*d + 3*v, 2*d = 5*v + 285. What is the hundreds digit of d?
1
Suppose -17*z = -12 + 46. What is the hundreds digit of (-646)/3*(z + -1)?
6
Let j be (-2)/(-6*(-2)/1362) + 4. Let c = 845 + j. What is the hundreds digit of c?
6
Suppose -2*n - 3*p + 565 = 0, -580 = -2*n + 4*p - 2*p. Let f be 172/3*(-21)/7. Let m = n + f. What is the units digit of m?
5
Let c(k) = -74*k - 1518. What is the thousands digit of c(-92)?
5
Let o = 112668 + -48305. What is the units digit of o?
3
Suppose 2*z + 2*s = 1470, -s = z - 5*z + 2965. What is the tens digit of z?
4
Let c = 5790 + -2863. Suppose 3*x - 8*x = -2*l - 4889, 3*x + 2*l - c = 0. What is the tens digit of x?
7
Let z(x) = 23*x**3 - 9*x**2 + 77*x - 122. What is the hundreds digit of z(8)?
6
Let h(i) = -9*i**3 - 6*i**2 + 21*i + 56. What is the thousands digit of h(-9)?
5
Let w(c) = c**2 - 27*c - 111. Let z be w(31). Suppose 59 = 3*q - p, q - z = -0*q + 2*p. What is the units digit of q?
1
Let r be (-6)/(-4)*2/(-3). Let u = -9 - -70. What is the units digit of -9 + 7 - r*u?
9
Let d(m) = 152*m + 2. What is the units digit of d(36)?
4
Let j be (-11685 + 2)*(-20 - -19). What is the hundreds digit of j/35 + (-8)/10?
3
Let q = -7 - -7. Suppose q = -9*p - 74 - 70. Let h = 60 - p. What is the units digit of h?
6
Let u be 12/8 + (-12)/(-8). Suppose 0 = -4*a + u + 13. Suppose 0 = -a*t - 3*o + 212, 0 = 2*t - 4*t + 4*o + 106. What is the units digit of t?
3
Suppose 5*r + j = 5, r - 6 - 6 = 2*j. Suppose 3*x + r*v = 3687, -2*x - 27*v + 25*v = -2458. What is the hundreds digit of x?
2
Suppose -2*n + 3*z - 11 = 0, -5*n = -0*n + 4*z + 16. Let k(t) = -4*t**3 + 6*t + 6. Let l be k(n). Suppose 11*j - l = 1566. What is the tens digit of j?
6
Suppose -3*g - 3525 = 4*j, 3411 = -5*j - 5*g - 989. Let x be (2/(-2))/4 + j/(-20). Suppose -40*s = -x*s + 20. What is the units digit of s?
5
Suppose 3*o - 5*k - 101 = 0, -6*o + 2*k = -5*o - 35. Let m(f) = 0 - 4*f - 3*f + 18*f - f + 9. What is the units digit of m(o)?
9
Suppose -5*o = -2*h + 32643, 81636 = -71*h + 76*h - 3*o. What is the tens digit of h?
2
Let b(d) = -10 - 7*d + d**2 - 1 + 0 + d. Let g be b(8). Suppose -34 = -g*s - x + 4*x, -3*x = -3*s + 18. What is the units digit of s?
8
Suppose -5*y + 5 = -4*s, 6*s - 3*y = 3*s - 3. What is the hundreds digit of 4*(273/(-30) - s)*-40?
4
Let q(o) = 8*o**2 - 339*o - 311. What is the thousands digit of q(-40)?
6
Suppose 43527 = -38*h + 49*h. What is the thousands digit of h?
3
Let w(m) = -6*m**3 + 13*m**2 - m + 1. Let v be w(2). Suppose -r + 358 = -4*s, -2*r = s - v*s - 722. What is the units digit of r?
2
Let a(j) = j**3 + 70*j**2 - 78*j - 127. Let s be a(-71). Let l be 3/(-9) + (-19)/(-3). Suppose -l*r + 290 = -s. What is the units digit of r?
0
Let o = -4357 + 8185. What is the units digit of o?
8
Let q(b) = -35*b + 109. Let k be q(3). What is the tens digit of (3164/5)/k*5?
9
Let v(g) be the second derivative of g**5/20 - 5*g**4/12 + g**3/3 + 63*g**2 + 45*g. Let o be v(0). Suppose -7*h + 749 = -o. What is the tens digit of h?
2
Let m(x) = -14*x**3 + 19*x - 2. Suppose -31*u - 9*u = 160. What is the units digit of m(u)?
8
Let i = -11169 - -68478. What is the hundreds digit of i?
3
Let l be (-2)/(-3)*(-2 - -236). Suppose -l*i - 440 = -166*i. What is the tens digit of i?
4
Let c(k) = 631*k + 4754. What is the units digit of c(43)?
7
Let w = 9078 - 2147. What is the tens digit of w?
3
Let q = -217 - -220. Suppose 2*r - 134 - 388 = -4*f, 3*f - 768 = -q*r. What is the tens digit of r?
5
Suppose n + 6*w - 8*w = 5825, 3*n + 3*w = 17484. What is the thousands digit of n?
5
Suppose -7*u - 14496 = -13*u. Suppose 4*x + 3*n = u, -5*x + 4*n - 106 + 3095 = 0. What is the hundreds digit of x?
6
Suppose 4*i + r - 158 = 0, -5*i = -0*i - 3*r - 206. Suppose -i*b + 47165 - 14365 = 0. What is the units digit of b?
0
Let l(k) = -6*k**2 + 7*k + 6. Let y be l(-1). What is the hundreds digit of y/(42/(-198))*9?
2
Let i = -43 + 84. Let s be 4 - (-3 + 3/(-1)). Let j = i - s. What is the units digit of j?
1
Let i(d) = 7*d**2 - d. Let t be i(1). Suppose -123 = -t*s + 201. Suppose -f + 3*f = s. What is the units digit of f?
7
Let k(u) = 690*u**2 - 115*u - 733. What is the tens digit of k(-6)?
9
Suppose -5*j - 12981 = -3*k, -4*j - 17316 = -3*k - k. What is the tens digit of k?
3
Let i(w) = -10*w + 6. Let z be i(-27). Suppose 0 = -2*m - m - z. Let o = m - -201. What is the hundreds digit of o?
1
Suppose -27*c - 3 = -26*c, -19*c - 14967 = -5*p. What is the thousands digit of p?
2
Suppose 18315 = -2384*h + 2399*h. What is the thousands digit of h?
1
Let v(o) = 2*o**2 + 12*o + 13. Let d be v(6). Let m = 168 - d. What is the tens digit of m?
1
Let w(s) = 9*s - 14. Let u be w(-10). What is the hundreds digit of 1 + 2 - (-13)/(u/(-2712))?
3
Suppose 0 = -27*n + 19 + 332. Suppose -n*o = 5*a - 11*o - 630, -a - 2*o + 134 = 0. What is the tens digit of a?
2
Let o(x) = x**2 - 5 - 12 - 2. Let r be o(-6). Let t = r - -83. What is the hundreds digit of t?
1
Let u(g) = 3*g**2 + 16*g - 19. Let i be u(-6). What is the units digit of (615/(-5) + -6)*i/3?
1
Let x = 160 - 152. What is the tens digit of x/(-36) + (-1786)/(-18) + -1?
9
Suppose -54098 = -17*p + 174468 + 65687. What is the tens digit of p?
0
Let m(u) = u**3 - 6*u**2 - 6*u - 7. Let k be m(7). Suppose -5*q - 306 + 936 = k. Let b = 246 - q. What is the units digit of b?
0
Let h = -11577 + 11611. Let a be (-3567)/(-9) + 2/(-6). Suppose -31*b - a = -h*b. What is the units digit of b?
2
Let l be (-5 + 2)*(25/(-5) + 4). Suppose 6*g - 4*g = -l*x + 241, -x + 79 = g. Let q = -19 + x. What is the units digit of q?
4
What is the thousands digit of 41/12136*37 + (-531246)/(-16) + -2?
3
Suppose -3*n - 13019 = 3*c - 89822, 3*c = n - 25609. What is the thousands digit of n?
5
Suppose -5*t - 14 - 6 = 0, -4 = 4*u + 5*t. Suppose u*y + 26 = 5*y. Suppose -d + y + 53 = 0. What is the tens digit of d?
7
Suppose 476 = 4*k - z, -5*z = -8*k + 3*k + 580. What is the units digit of 5 + k + -4 + (2 - 6)?
7
Suppose 44*u = 46*u - j, -2*u + 4*j = 12. Let q be (-2)/6 + (-14)/(-6). Suppose m - 3*r = -u + 208, -4*m - q*r = -796. What is the units digit of m?
0
Suppose -5*b - 1914 = -27436 - 11333. What is the tens digit of b?
7
Suppose -2*g + 14552 = -14*l + 18*l, 4*l = 0. What is the tens digit of g?
7
Suppose 4*f + 70 = 14*f. Let n = -3 + f. Suppose 75 = l + n. What is the tens digit of l?
7
Suppose -2*l = 3*i - 0*i - 4, 20 = -l + 4*i. What is the hundreds digit of (6/l)/(6/(-604))?
1
Let p(q) = 2*q**2 + 2*q + 33. Let u(w) = -w + 16. Let o be u(21). Let m be p(o). Let y = -67 + m. What is the units digit of y?
6
Suppose -8*h + 7*h - 146 = 0. Let r = h - -260. Let g = -12 + r. What is the hundreds digit of g?
1
Suppose -40 = -4*q - 28. Let y(i) = 18*i**2 + 2*i - 19. What is the hundreds digit of y(q)?
1
Suppose 36 = 29*h - 17*h. Let s(x) = 144*x + 128. What is the tens digit of s(h)?
6
Let k = 2324 - -6991. Suppose -k - 9045 = -20*a. What is the units digit of a?
8
Let c(l) = l**3 + 14*l**2 + 13*l + 35. Let r be (1/((-1)/(-1)))/(17/(-204)). What is the units digit of c(r)?
7
Let t(c) = -c**3 - 27*c**2 + 60*c + 54. Let z be t(-29). What is the tens digit of 1117 + z + 0/(6/6)?
1
Suppose 10*n = 11*n + 4*k - 362, 4*n - 1532 = 5*k. What is the tens digit of n + 4/(12/(-21))?
7
Let w be (-18598)/(-10) + (-3)/(-15). Suppose 11*h + w = 16*h. What is the hundreds digit of h?
3
Let c(j) be the first derivative of 3*j**2/2 + 6*j + 42. Let l be c(-1). Suppose 2*h + 5*a - 53 = -9, h - l*a - 44 = 0. What is the units digit of h?
2
Let z(w) = 2*w**3 - 17*w**2 + 103*w - 14. What is the thousands digit of z(16)?
5
Suppose 5*v = 4*y - 33, -7*v = -3*y - 3*v + 26. Let n = 8 + -5. Suppose -470 = -5*g - 3*j, 3*g + n*j - 282 = -y*j. What is the units digit of g?
4
Suppose 0 = -p, p + 4*p - 39 = -3*i. Let q be i + -4 - (-5)/(-1). Suppose 5*h - 4*z = 1075, q*h + 4*z = 310 + 514. What is the tens digit of h?
1
Suppose -323 = -2*y - a, -4*a - 676 